 (-100 - 3) - 0?
-83
What is the value of 78 - ((18 - 2 - (-286 - -300)) + 1 + 1)?
74
Calculate 20 - (-3 - -3 - (57 - 70)).
7
What is -2470 - -2476 - ((-2 - 6) + (-1 - 1))?
16
Evaluate 2 + 15 + -7 + 1 + 7.
18
Calculate 181 - 94 - 4 - 121.
-38
What is the value of -48 - (120 + -152 - 75)?
59
Calculate 93 + 41 + -83 - 54.
-3
Evaluate 77 - 0 - (-1335 + 1433).
-21
What is (4 - (65 + -64)) + 43?
46
What is the value of (30 - 36) + (-6 - (-4 - (0 - -2 - -22)))?
16
What is the value of (-3 - 0) + (-97 - -178) + -1 + -9?
68
-26 + -33 - (115 - 116)
-58
What is -60 + -10 + 71 + -60?
-59
What is -420 - -435 - (-2 - (-2 + 2))?
17
-9 + (-55 + 16 + -14 - (-2 + -7))
-53
(-5 - -3 - -5) + -1 + 35 + -24 + -57
-44
Evaluate 31 + -2 + (25 + -150 - 42).
-138
Calculate 12 + 94 + -125 - (1 - (9 + -2)).
-13
Calculate -59 + (-17 - -87) + (0 - 138).
-127
49 + (13 - 19) + (-5 - (-8 + 7 - 0))
39
What is (1 - -1) + (-1511 - -1533) + 0 + -95?
-71
Evaluate (4 - (-4 - 46)) + -95.
-41
-37 + 43 - ((-14 - -9) + -93 - 19)
123
Calculate 0 + -11 - (18 - (17 - 6 - -8) - 5).
-5
Evaluate -87 - (-30 - (-42 - (-15 + -18))).
-66
Evaluate 83 + (47 - (105 - -156)).
-131
Calculate 1 + 108 - (-217 + 223).
103
Calculate (-4 - 1 - (-3 - -3 - 14)) + (413 - 390).
32
-2535 + 2551 + 1 + -26
-9
1950 + -1989 + -115 + -1 + -2
-157
Calculate 75 + (-50 - -55) + -82.
-2
Evaluate (-2 - (44 + -74)) + 6 + 4.
38
What is 92 + (10 - (-15 + 37 + -14) - (11 + -2))?
85
What is the value of 39 + (-9 - -2) + (101 - 92) - 4?
37
-5 + (19 - 22) + -1 + -67
-76
Evaluate 44 + 40 + (4 - 31) + 18.
75
Calculate 41 - (-190 + 201 - (10 + 2)).
42
What is 10 + (-23 - (-6 - 7 - -1) - -29)?
28
What is 1 - ((-10 - -5) + (-2 - (4 + 52 + -10)))?
54
What is the value of (-4 - (10 - (28 - 14))) + -3 + -12 - 14?
-29
(-6 - -55) + (4 - -29) + -42
40
What is the value of -2 + -85 + (1853 + -1838 - (0 + 2))?
-74
Evaluate -49 + 37 - (-14 - 68).
70
What is the value of -1 + 1 - 112 - (-15 + 8 + 9 + 6)?
-120
What is the value of 6 + 2 + -25 + -15 + 3 + 0?
-29
What is the value of -33 + -5 + -17 + -8 + 51?
-12
Calculate 13 + -11 + (15 + -6 - -29) - (8 - -1).
31
Calculate -66 + 20 + (30 - -30).
14
Calculate 22 - (11 - -1 - (-317 + 348)).
41
Evaluate 16 + (32 - (-36 - -72)) - 101.
-89
What is (-1 - -5) + (-34 - (20 - -20))?
-70
Evaluate 43 - ((-10 - -24) + 12 + -23).
40
Evaluate -7 + 37 - (-23 - (31 + -55)).
29
What is 8 - (25 - (17 + -4 + 0 - 2))?
-6
Calculate 110 + (-33 - -14) + -22.
69
What is the value of -54 + -1 + -2 - -56?
-1
Calculate -48 + 7 - 17 - (3 + -8).
-53
What is the value of (-33 + 113 - 85 - (1 - 4)) + -80?
-82
Calculate 0 - -2 - 7 - (-4525 - -4476).
44
What is the value of 75 - 68 - (-15 - -64)?
-42
What is (0 - 12) + 16 + -43 + 31 - (4 - 49)?
37
What is the value of (-1 - (1 - -31)) + (227 - 632 - -408)?
-30
23 + -2 - (4 + 28 + -33)
22
(-42 - -9) + (-4 - ((1 - 4) + -8))
-26
Calculate -2 + -73 + 49 + 1.
-25
What is 16 + -30 + (-8 - (2 - (-5 - 83 - 0)))?
-112
Calculate (30 - 11 - 13) + 23.
29
What is the value of -542 - -462 - (6 - 47)?
-39
30 - (2 + (16 - 16) + -34)
62
Calculate 13 + -2 + -27 + (98 + -3 - 3).
76
Calculate -10 - ((-13 - -101) + 25 - 39).
-84
What is the value of (-1 + 4 - -1) + -66 + (-21 - -49) + 9?
-25
What is 43 + 23 - (-7 - (-62 - -43))?
54
(21 - 8) + 23 + -19 - 39
-22
What is -65 + 71 - ((1 - -3) + (20 - 27))?
9
-15 + -2 - ((-35 - -1) + -820 + 839)
-2
What is -107 - (-56 - (59 - 63))?
-55
What is 88 + -2 + 13 - (-7 + -7 + 23)?
90
0 + -99 - (-23 + 2 - 45 - -44)
-77
Evaluate 39 + ((-2 - -15) + 4 - 25) + 7.
38
Evaluate -84 + 72 - (10 + -98).
76
Calculate (-9 - (-3 + 76)) + 46.
-36
What is -61 + 83 - (0 - (-10 - -18))?
30
Evaluate 25 + (-39 - -26) - (-50 + 7).
55
What is the value of -22 - (24 + 44 - 52)?
-38
Calculate -4 + 5 - (-60 - -21) - 26.
14
Evaluate -68 - -66 - 29 - -36.
5
Calculate -39 + (48 - (-44 + 29 + -5)).
29
What is the value of -138 + 69 + 12 + 44?
-13
Calculate (12 - (17 + 6 - 18)) + 11 + 63.
81
13 + (-59 - ((-1 - 11) + (15 + 4 - 16)))
-37
What is -1 + 11 - ((28 - -5) + -27)?
4
Evaluate 3387 + -3329 - (-2 + -20 + 3).
77
Evaluate (58 - ((7 - 18) + 30)) + 16 + -27.
28
Evaluate 48 + -147 + 179 + 25.
105
Calculate -8 + 40 + -9 + 44 + -15.
52
2 - -14 - (6 + -2) - (174 - (52 - -31))
-79
Calculate 46 - ((-2 - 8) + 8).
48
Evaluate -300 + 263 + 23 + 11.
-3
Evaluate -1 + 1 + -41 - (32 + -59 - -39).
-53
Evaluate (-3 - -1) + (1 - 1) + 15 - (18492 - 18499).
20
Evaluate -6 - (-12 - 8 - (-8 - (-20 - 1))).
27
Calculate 110 + -128 + (-10 - 12).
-40
Calculate 912 + -894 + -19 + 1 + 64.
64
Calculate (13 - 62 - -25) + -1.
-25
What is the value of -24 - -4 - 33 - (-11 - (-12 - -4 - -5))?
-45
Calculate -5 + (1 - (-39 + -8 + 21)).
22
What is (59 + -36 - (1 - 11)) + 18?
51
15213 + -15165 - ((1 - -13) + 0 + 2)
32
What is -47 + (-27 - -12) - -47?
-15
What is -2 - (52 - (-42 - -117))?
21
153 + -161 + (2 - 0) + 1
-5
What is the value of 3465 + -3451 + (-17 - 0) + 2?
-1
What is -77 - 0 - (15187 - 15394)?
130
-1 - -59 - (-1285 + 1271)
72
Evaluate -118 - (-140 + 73 + -7).
-44
(37 - 9) + (-62 - 65) - -15
-84
What is the value of (-15 + 10 - 0) + 98 + -19 + 9?
83
What is (-2 - (13 - (25 + -5))) + (3 - 53) + -5?
-50
Evaluate -125 - -1 - (-5 - ((-44 - -40) + -2 + 6)).
-119
Calculate (2 - 21 - (52 - (51 + -26))) + 16.
-30
What is (-26 - -16) + 23 + (-2 - 3) + -55?
-47
2 - 60 - (-421 + 363)
0
What is the value of -7 + (10 - 8 - 17) + -5?
-27
What is the value of 136 + -111 + 84 + (-18 - (-2 - -1))?
92
What is the value of (106 - -55) + 10 + -76?
95
72 + (-5 - 149) + 43
-39
What is -2 - 6 - (-23 + 3) - 7 - (-2 + 34)?
-27
-9 + -6 + 5 - (7 + 3 - (1 - 13))
-32
What is -41 + 36 + -4 - (7 - 1)?
-15
What is (27 - ((-23 - 71) + -1)) + -30?
92
What is the value of (-29 + 73 - (-66 - -6)) + 19?
123
Evaluate 24 - -4 - (1190 + -1102).
-60
-1 - 14 - ((-118 - -60) + -56 - -36)
63
Calculate 2 + -16 + (78 - 77) - (-1 - 69).
57
Evaluate -67 - 2 - (-296 + 260).
-33
Calculate -4 + 3 + 12 + -213 + (7 - -116).
-79
What is -76 + 67 + (31 - 0) + 43?
65
107 + -90 - (-3 - 3 - 1)
24
What is the value of 2 + -64 + 272 + -125?
85
What is the value of -16 + -5 - (74 - 50) - -23?
-22
Calculate 0 + (-119 - (-53 + 12 + 38)).
-116
Evaluate -14 + 3 + 2 - ((-2 - -20 - 22) + -1).
-4
(0 - 43) + (0 + -20 - (208 - 240))
-31
What is the value of (-4 + (-4 - -3) - 42) + (69 - 37) + -37?
-52
What is the value of 23 + 6 + 8 - 75?
-38
What is (7 + -17 + -3 - (27 + -40)) + 55?
55
What is (-2 - -1) + (39 - 26) + -8 + 9?
13
Calculate -552 - -578 - (5 + -1).
22
What is the value of -27 - (44 + (48 - 112))?
-7
Calculate -264 + 287 - (1 - 2 - -2 - -149).
-127
(69 - -34 - (-11 + 5 + -4)) + 8 + 6
127
Evaluate (0 - (21 - 8)) + -50 + (2 + -4 - 5).
-70
Evaluate -22 - -10 - (4 + (11 - -15) + -12).
-30
Calculate 1 + -53 - (51 - -135 - 152).
-86
96 + (204 + -113 - 140)
47
(10 + 4 - 44) + 19
-11
What is (-574 - -558) + (1 - 39)?
-54
Evaluate 6 - (7 + -1 - 78) - (-52 - (-28 - 19)).
83
37 - ((148 - 59) + (-48 - -8))
-12
161 + -84 - 234 - -83
-74
What is the value of 3772 + -3776 + (1 + 30 - (-1 + (4 - 4)))?
28
What is -77 + -4 + -5 + (-1 + 2 - (153 + -160))?
-78
What is -49 - ((-55 - -16 - -18) + 23)?
-51
Evaluate -39 - (-2 - (-29 + 81)).
15
What is 9 + (-5 - 3) + -154 + 152?
-1
Evaluate (112 - 86) + -2 + -7.
17
What is the value of -4790 - -4736 - (1 - -35)?
-90
What is 16 - (-65 - (83 + -80))?
84
(-8 + 7 - -18 - -7) + 9
33
Calculate (0 - 59) + 27 + 0 + -5 + -186 + 174.
-49
What is (-81 - -4 - (-6 - (-14 + 0) - -6)) + -4?
-95
Evaluate 64 + -49 + (-11 - 1 - -12).
15
Calculate -15 - (4 + 0 - (-76 + 150 - -17)).
72
Calculate -3 + (-63 - -1) - ((0 - -15) + 116 + -133).
-63
Calculate -6 + (-11 + 0 + 132 + -123 - (3 - -29)).
-40
What is -41 + (14 - (-10 - (-29 + 16)))?
-30
What is the value of (169 - -44) + (127 - 259)?
81
What is (-82 - 4) + -1320 + 1341?
-65
-18 - (23 - (20 + 19) - 92)
90
Calculate -8 - (2 - -15 - 11 - 3 - -19).
-30
What is 59 + -25 + -15 + 13 + 8 + -10?
30
Evaluate -7 - 1 - ((5 - 0) + (10 - (-5 - -25))).
-3
Calculate (2 + 0 - 4) + (55 - (26 - 15) - 17).
25
(-5 - 84) + (50 - 17)
-56
What is -4 + -4 - (-6 + (-10 + -12 - -6))?
14
Calculate (-29 - -22 - (-1 + -28)) + 6 + -1.
27
Evaluate 24 + -45 + (45 - 108).
-84
Evaluate 57 + (19 - 39 - -6) - 15.
28
Evaluate 33 + -2 + -16